Suppose 3995 = 6*s - 8719. Is s composite?
True
Let t(w) = 53*w + 3. Let p be t(7). Suppose y = 3*y - p. Is y a composite number?
True
Let x(o) be the third derivative of -o**6/120 + o**5/4 + o**4/2 + 3*o**3/2 + 489*o**2. Let d = -27 - -41. Is x(d) a prime number?
True
Suppose 5*b - 17 = -2*t + 319, -5*t + 809 = -3*b. Let v = t - 654. Let z = v + 742. Is z a composite number?
False
Let s = -19 - -17. Is 34 + s + 8 + -3 a prime number?
True
Let a = -3894 + 12385. Is a composite?
True
Let n = 915 + -631. Let x = n - -347. Is x prime?
True
Let z(m) = 151*m - 250. Is z(7) composite?
True
Suppose -11*z + 72*z = 445971. Is z a prime number?
False
Let y(i) = -i**3 - 24*i**2 + 11*i + 18. Let r be y(-23). Is r/((-12)/3) - 0 prime?
True
Suppose 3*x - 52 = -m + 6*m, 0 = x - 4. Let c be (-2548)/m*6/3. Let z = c - -402. Is z a prime number?
True
Suppose -21*a - 5452 = 2318. Suppose -103 = n + 16. Let f = n - a. Is f a prime number?
True
Let s = 3391 + -5552. Let n = s - -4320. Is n a prime number?
False
Let c(o) = -o**3 - 11*o**2 - 7*o + 12. Let y(m) = m**3 + 12*m**2 + 12*m + 1. Let d be y(-11). Let g be c(d). Is (3 - 3 - g)/2 a composite number?
True
Let o(j) = 1019*j**2 + 2*j - 1. Let p be o(1). Suppose -p = -6*z + 2*z. Let f = 506 - z. Is f composite?
False
Is ((-21)/(-42))/(2*2/67288) prime?
False
Suppose 5*z = -2*g + 12463, 5*g = 8 + 12. Is z prime?
False
Let r(l) = 24*l**3 - 8*l**2 - 15*l - 14. Is r(8) a composite number?
True
Let y(v) = -3*v**3 - v**2 - 7*v - 6. Let a be y(-1). Is (1120 - -6)*a/3 prime?
False
Suppose -h + 1019 = -2*h. Let w = h + 586. Let v = w - -612. Is v a composite number?
False
Let j(c) = c**2 - 15*c - 32. Let p be j(17). Is p/6 - (-9328)/24 a prime number?
True
Let i(l) = -6*l**3 + 4*l**2 - 20*l - 5. Is i(-15) prime?
False
Let f = 29037 - 18476. Is f composite?
True
Let x = 723 - 405. Let o = x - -2239. Suppose -o + 643 = -4*k + j, 1910 = 4*k - 3*j. Is k prime?
True
Suppose s + o - 294 = 211, 2*o + 1535 = 3*s. Is s prime?
True
Suppose 16 = 22*z - 18*z. Suppose -z*b - 563 = -5*i, 0 = 3*i - b + 2*b - 348. Is i a composite number?
True
Let o(h) = -127*h - 204. Is o(-47) composite?
True
Suppose 6*h - 36 = -36. Suppose 2*l + 4*s - 336 - 452 = 0, 0 = -l - 4*s + 402. Suppose -2*v + 4*m + l = 0, -3*m + 13 + 2 = h. Is v a composite number?
True
Let o = -3283 - -8430. Is o a composite number?
False
Suppose 0 = -r - 5*u + 23751, -71233 = -6*r + 3*r - 5*u. Is r composite?
False
Is -3*(-20)/(-48) - 1425/(-4) a composite number?
True
Suppose 1171527 - 288788 = 13*x. Is x a composite number?
True
Let s = 243 + -86. Suppose -a = -3*h + 3, -4*a + 2 = 2*h - a. Is h*s*4/4 a composite number?
False
Suppose 10*u + 69 = 19. Suppose 5*p + 5*c = p + 55, -17 = -p + 2*c. Is (p + -4)*u*-1 a prime number?
False
Suppose 0 = 15*t - 12*t + 147. Is -1*t/2*2 a prime number?
False
Let n(r) = -23*r + 2. Suppose -10 = j - 3*j. Suppose 21 = -j*a + c, 0 = 4*a - 5*c + 13 + 8. Is n(a) composite?
True
Let m(s) = 1063*s**2 - 13*s - 7. Is m(3) a prime number?
True
Suppose -3*c = -7*c + 224. Suppose -2*z + 13 = n - 3, 0 = -5*n - 2*z + c. Let y(r) = 2*r**2 + 12*r - 13. Is y(n) composite?
False
Suppose 5*j = 4*b + 3*j + 38, -j = -b - 9. Let u be 16/(-40) + (-54)/b. Suppose -5*g = 4*f - 1051, -2*f + 344 + 219 = -u*g. Is f a prime number?
True
Suppose -3*m + 0*l = -4*l - 97965, 2*m = 2*l + 65312. Is m a prime number?
False
Let r = -15 + 14. Let n(x) = -2*x. Let a be n(r). Suppose -2*o - a = 0, -2*k + 26 = o - 59. Is k a prime number?
True
Let q(l) = 8*l**3 - 2*l**2 + l - 2. Let n(t) = -8*t**3 + 2*t**2 + 1. Let y(v) = -3*n(v) - 2*q(v). Is y(2) a composite number?
False
Let h = 2166 + -1493. Is h prime?
True
Let r be (19 - -52)*(-1 - 0). Let f = r - -42. Let x = 36 + f. Is x composite?
False
Suppose 0 = 4*u - 4 - 0, -4*u = 4*i - 20. Suppose -2*z - 4 = i. Is (1 - 0)/(z/(-3644)) prime?
True
Suppose 3*j - 10 = -4*c, 4*c + 0*c = -4*j + 16. Let v(m) = 162*m - 13. Is v(j) a composite number?
True
Is (1 - (-13072)/6) + (-178)/267 prime?
True
Suppose -3*w + 4261 = -2*w - 2*m, 12833 = 3*w + 4*m. Is w a composite number?
False
Let f(c) = -c**3 + 8*c**2 + 8*c - 6. Suppose m + 28 = -4*i + 4*m, 0 = -4*m. Is f(i) a prime number?
True
Let l = 4 - 4. Suppose a + 2*i = -3*a + 66, -a + 4*i + 3 = l. Suppose -q = 2*u - 6*u - 99, -5*u = a. Is q a composite number?
True
Let v be (-2172)/(-9) + (-4)/3. Let l = 207 + v. Is l a composite number?
True
Let a(j) = -2*j**2 + 2 + 3*j**2 - 19*j**3 - 11*j**3 + 16*j - 7*j. Let q be a(5). Is q/(-9) + 2/6 a prime number?
True
Suppose 3*s - 3075 = -372. Is s a prime number?
False
Let d = 11 - 70. Let a = 96 + d. Is a prime?
True
Let s = 370 + -370. Let d(c) = 88 + c + c + 31. Is d(s) a composite number?
True
Suppose -28 + 30 = l. Suppose 0 = -x + 5*o + 44, -x + l*o + 24 = -5. Is x a composite number?
False
Let y = -39 + 41. Suppose -y*m - o + 3*o + 292 = 0, -143 = -m + 2*o. Is m composite?
False
Let k = 11718 + 4989. Is k composite?
True
Let r(x) be the second derivative of 3/2*x**2 + 11/12*x**4 + 0 + 1/3*x**3 + 10*x. Is r(4) composite?
True
Let n be (12/7)/(2/14). Let c be (3894/8)/(n/32). Suppose -35*y + 33*y = -c. Is y prime?
False
Let r(n) = n**3 + 28*n**2 - 55*n - 81. Is r(-29) a composite number?
False
Suppose -5*n + 819 = 2*m - 6*n, 4*m - 1656 = -4*n. Let g = 868 - m. Is g a composite number?
False
Is (-1)/(-3) - (-269600)/48 prime?
False
Let p = 79 - 54. Let o(c) = 44*c - 45. Is o(p) a composite number?
True
Suppose -28*h + 4456 = -26*h. Let o = h - 645. Is o composite?
False
Let z(a) be the second derivative of a**4/12 - a**3/6 - 9*a**2/2 - 7*a. Is z(-4) composite?
False
Suppose 0 = -3*r - 8*b + 3*b + 1, -b + 1 = r. Let p = 1 + -8. Is (p + r)/((-1)/29) prime?
False
Let y be (-12)/(-21) + (-21)/(-49). Is -1*(3/y + -194) prime?
True
Let j(h) = h**3 + 7*h**2 + 2*h - 9. Let t be j(-4). Suppose -t*k + 24*k + 7427 = 0. Is k composite?
False
Suppose -12*z = -4*h - 9*z + 208649, 0 = -z + 1. Is h a composite number?
False
Suppose 977 = 18*w - 251689. Is w a composite number?
True
Let q = 1561 - -1013. Suppose 4*g + 2586 = 7*g - w, 0 = 3*g - 5*w - q. Is g prime?
True
Let x(d) = -5*d + 33 + 21*d - 41 + 11*d**2. Is x(-7) composite?
False
Suppose -a + 6677 = -2856. Is a a prime number?
True
Let a(l) = 851*l - 4. Let p be a(2). Is p/22 + (-22)/121 a composite number?
True
Let v be (-4)/(-10) + (-527)/5. Let t = -117 - -61. Let y = t - v. Is y a prime number?
False
Suppose 5*v - 4 - 5 = 4*u, -6 = 3*u - 3*v. Is 3 - -2051 - (u - -4) prime?
False
Let k = 9366 + -4745. Is k a prime number?
True
Let j be ((-21)/(-14))/(3/4). Let n(a) = 13*a + 4*a**2 - 1 - 2*a**2 + 0 - j. Is n(-16) prime?
False
Let g = 0 + -2. Let l be 2/(g + 0) - -3. Suppose -30 = -l*y + r + 252, 5*y = 2*r + 707. Is y a prime number?
False
Suppose -5*t + 0*t - 840 = 0. Let x = 421 + t. Is x composite?
True
Suppose -11*o = 5*o - 321232. Is o a composite number?
True
Let x(r) = 6*r - 4. Let s be x(0). Is (s/6)/(3 + 74564/(-24852)) prime?
False
Let o(c) = 15*c**3 - 3*c**2 + 4*c - 17. Is o(4) a composite number?
False
Is (-22873)/(-2) + 5/10 composite?
False
Suppose -13196 = -3*p - 2621. Suppose 3*g = -p + 13896. Is g composite?
False
Suppose 24*j + 419270 = 34*j. Is j a composite number?
False
Suppose 5*w = 774 + 161. Is w a composite number?
True
Let m be ((-12)/10)/((-9)/(-30)). Let i = 9 + m. Suppose -2*a - i*d + 2262 = 309, -4899 = -5*a + 4*d. Is a composite?
True
Let n(g) = -3*g**2 - 9*g + 1. Let k be n(-4). Let c(q) = -4 - 15*q - 4 + 4 + 2 + 4*q**2. Is c(k) prime?
True
Let t(z) = -20*z**3 + 34*z + 1. Is t(-7) a composite number?
True
Let w be (-2)/5 - (-16770)/50. Suppose -s + w + 141 = 0. Suppose -11*r = -7*r - s. Is r a composite number?
True
Let w be (-2)/(-6) - (-70)/(-3). Let y be 6/39 - (-4674)/39. Let c = y + w. Is c composite?
False
Let b be 3/2*(-16)/12. Let z(y) = -110*y**3 - y**2 - 5*y - 3. Is z(b) a composite number?
False
Let s(h) = -31*h + 39. Is s(-12) a prime number?
False
Let c = -9 - -11. Suppose -4*g - 2*q = -12, 0*q - q = c. Is g/((-4)/(-3)) - -64 composite?
False
Is 3 - (47320/(-1) - (7 + -3)) a prime number?
False
Let d(v) = 21*v**2 + 4*v + 103. Is d(10) prime?
True
Suppose -517008 = -15*i - 33*i. Is i a prime number?
True
Suppose 3436 - 316 = -3*i. Let s = 1909 + i. Is s pri